se -3*q - 24 = -m, 87 = 4*m - 2*q - q. Suppose u - 5*o - 1 = 0, -3*o + 2*o = 3*u - 19. What is the remainder when m is divided by u?
3
Suppose -j - 2*j - 63 = 0. Let v = -1 - 5. Calculate the remainder when 34*(j/v + -2) is divided by 26.
25
Let q(w) be the second derivative of w**5/20 - 3*w**4/4 + 11*w**3/6 - 6*w**2 + w. Calculate the remainder when (-871)/(-26) + 0 + 2/4 is divided by q(8).
10
Suppose -38 = -5*x - k + 29, 0 = 2*x - k - 31. Let f be 43/(3/18*2). Suppose -27 - f = -4*w. What is the remainder when w is divided by x?
11
Let z = -8 + 13. Suppose 3 = k - 0*k + 2*l, 0 = -z*k + 2*l - 21. Calculate the remainder when (0 - k)/(9/114) is divided by 20.
18
Let o(b) = 6*b + 1. Let l be o(-4). Let t(v) = -v**2 - 14. Let a be t(0). Let z = a - l. Calculate the remainder when 26 is divided by z.
8
Suppose 5*v + 3*t - t = 12, 5*t - 11 = -3*v. Let h(m) = -6*m**3 + m**2 + m. What is the remainder when h(-1) is divided by v?
0
Let i = -9 + 13. Suppose -50 = -i*b - 3*x, -b = -6*b - x + 57. Calculate the remainder when b is divided by 4.
3
Suppose 41 = t + 4*k, 3*k + 53 = t + 4*k. Calculate the remainder when 169 is divided by t.
55
Let z = 29 + -21. Let k = -21 + 50. What is the remainder when k is divided by z?
5
Calculate the remainder when 17 + 4/4 + -2 is divided by 6.
4
Let i(x) = 2*x + 9. Let k be i(-6). Let b = k - -5. Suppose -o + 2 + 3 = 0. What is the remainder when o is divided by b?
1
Let y(n) = 2*n - 2. What is the remainder when 56 is divided by y(7)?
8
Suppose -8*o = -3*o + 4*l - 564, 0 = 4*o + 3*l - 451. Calculate the remainder when o is divided by 58.
54
Let u be (0 - -1) + (-2)/(-2). Suppose 2*f + u*f = 32. Calculate the remainder when 14 is divided by f.
6
Let i = 17 - 8. Let r(o) = 2*o. Let y = -16 + 50. What is the remainder when y is divided by r(i)?
16
Suppose -5*l + 20 = -0*l. Calculate the remainder when 10 is divided by l.
2
Let a = 40 + -4. Calculate the remainder when 140 is divided by a.
32
Let s(b) = -11*b + 8. Let h be s(-11). Suppose 61 = 2*j - 3*c, 2*j = 4*j - c - 71. Calculate the remainder when j is divided by h/9 - (-8)/(-6).
12
Suppose 4*x + 27 + 33 = 0. Let a = x + 30. What is the remainder when a is divided by 8?
7
Suppose -4*d + 8*d + 88 = 0. Let w = d + 36. Calculate the remainder when 24 is divided by w.
10
Suppose 4*m + 2*k - 268 = 0, -m + 5*k = m - 110. Calculate the remainder when m is divided by 17.
14
Suppose 3*m - 44 = -2*c, 5*c = -5*m - 0*c + 75. Calculate the remainder when 54/(-2*(-1)/2) is divided by m.
12
Let x(d) = -2*d**2 + 12*d + 14. Let z(c) = -3*c**2 + 13*c + 15. Let q(s) = 4*x(s) - 3*z(s). What is the remainder when 61 is divided by q(-10)?
19
Let k(p) be the second derivative of -p**3/6 + 11*p**2/2 - 2*p. Let f be k(7). Suppose f + 16 = 4*g. Calculate the remainder when 8 is divided by g.
3
What is the remainder when 51 is divided by (7/3)/((-2)/(-12))?
9
Suppose -6 - 6 = -y. Calculate the remainder when 22 is divided by y.
10
Suppose 0 = -k - 6 + 8. Suppose 4*u = -k*p + 122, 6*p - 2*p - 258 = -u. Let m = p + 9. What is the remainder when m is divided by 25?
24
Let s = 31 + -2. What is the remainder when s is divided by 16?
13
Suppose -7 = -u - j, 5*u - 22 = 5*j + 13. Let i(l) = -l + 7. Let h be i(u). Suppose 4*k - 15 - 21 = h. Calculate the remainder when 26 is divided by k.
8
Let x(y) = y**2 - 2. Calculate the remainder when x(-3) is divided by 4.
3
Suppose 0 = -5*i - 0*i + 160. What is the remainder when i is divided by 7?
4
Suppose 4*f - 94 = -5*r + 117, f - 37 = 4*r. What is the remainder when f is divided by 13?
10
Let a be ((-30)/9)/((-3)/(-9)). Let t = 19 + a. Let h = -40 + 56. Calculate the remainder when h is divided by t.
7
Suppose -7*r = -5*r - 4. What is the remainder when ((-3)/4)/(r/(-16)) is divided by 4?
2
What is the remainder when 2/(-9) + (-778)/(-18) is divided by 15?
13
Suppose -3*x = -4*t + x - 24, -10 = 2*t - 4*x. Let l be (-2)/t - 15/(-21). Let v = l + 4. What is the remainder when 9 is divided by v?
4
Suppose 177 = 74*c - 71*c. Calculate the remainder when 170 is divided by c.
52
Let k = 3 - 1. Suppose q + 3*b + 42 = k*q, -4*b = 5*q - 134. Let r = q + -17. What is the remainder when 24 is divided by r?
11
Calculate the remainder when 8 is divided by (-93)/(-21) + (-9)/21.
0
Suppose 0 = 3*d - 12, 8 + 2 = -b + 4*d. Let y = b + -3. Suppose -y*m - 15 = -2*i - i, 5*i = 4*m + 24. Calculate the remainder when 14 is divided by i.
2
Suppose -w + 1 = -1. Let q(o) be the third derivative of -o**5/60 + 11*o**4/24 - 2*o**3 + 11*o**2. What is the remainder when q(9) is divided by w?
0
Let l(j) = j**2 - j - 1. What is the remainder when 115 is divided by l(-5)?
28
Let a be 1/((-2)/(12/(-2))). Suppose h = a*l - 55, 5*l - 6*l = -3*h - 29. Suppose 5*p - l + 7 = 0. Calculate the remainder when 2 is divided by p.
0
Suppose -4*q = -7*q. Suppose 204 = 4*x - q*x. Calculate the remainder when x is divided by 18.
15
Let v be 0 + (-864)/(12/(-4)). Suppose -3*k + v = 3*k. What is the remainder when k is divided by 10?
8
Suppose g = -5*y + 57, 2*y = 5*g + 4 + 35. Let z(p) = -5*p + 5. Calculate the remainder when z(-6) is divided by y.
11
Calculate the remainder when 35 is divided by (-1)/(-4) - (-213)/12.
17
Let n(s) = 4*s**2 - 2*s - 1. What is the remainder when 19 is divided by n(2)?
8
Let m = -75 + 90. Calculate the remainder when 89 is divided by m.
14
Let j = 10 + -6. Suppose -3*i = -j*i + 16. Calculate the remainder when i is divided by 6.
4
Suppose 0 = 3*y - 2*k - 67, -6*y + 2*y + 3*k = -91. Suppose -4*b = 4*n + 32, 2*b - 14 = -2*n + 6*b. Calculate the remainder when y is divided by 7*((-3)/n)/1.
5
Let m(d) = 6*d + 2. Let x(y) = 3*y + 1. Let l(r) = -3*m(r) + 5*x(r). Let o be l(-2). Let h = o - 0. What is the remainder when h is divided by 2?
1
Let h(c) = -27*c - 5. Calculate the remainder when h(-2) is divided by 25.
24
Suppose 4*l - 29 - 79 = 0. Suppose -3*m - 3 + l = 0. Suppose 5*p = 4*d - 33 - 17, -3*d - 4*p = -53. What is the remainder when d is divided by m?
7
Suppose 5*a = -29 + 299. Suppose -2*u + 4*u - a = 0. Let f(h) = -h + 14. What is the remainder when u is divided by f(0)?
13
Let v(b) = b**3 + 7*b**2 - 6*b + 2. Let r be v(-8). Let d be (-4)/r - 141/(-21). Calculate the remainder when 43 is divided by (d/2 + -2)*10.
13
Suppose -a = -0*a. Suppose p + p - 28 = a. Calculate the remainder when p is divided by 9.
5
Suppose 34 = 5*i - 3*i. What is the remainder when i is divided by 0 + -5*(1 - 3)?
7
Let g(u) = -5*u**3 - 7*u**2 + 10*u + 15. Let q(v) = -3*v**3 - 3*v**2 + 5*v + 8. Let a(p) = -4*g(p) + 7*q(p). What is the remainder when a(4) is divided by 13?
11
Let m(p) = 7*p**3 + p. Let l be m(1). What is the remainder when ((-44)/l)/((-2)/4) is divided by 7?
4
Suppose -2*h - 156 = -5*h. Suppose -z - 2*m + 52 = 0, 4*z - 19 - 154 = -m. Let s = -24 + z. What is the remainder when h is divided by s?
16
Let t be 0/1 + 1/(-1). Calculate the remainder when 29 is divided by 12 + 6/(-2 + t).
9
Let g be (-4)/(-1*(1 + 0)). Suppose 3*n = n + g. Let c(u) = u + 5. What is the remainder when n is divided by c(-4)?
0
Suppose -d + 4*d - 105 = 0. Suppose 4*u - w - d = 0, u - w - 6 = 2*w. Calculate the remainder when u is divided by 5.
4
Suppose -3*p + 84 = -3*k, -p + 59 = p - 5*k. Calculate the remainder when 53 is divided by p.
26
Suppose 30 = -q + 6*q. Suppose 2*c - 5*c + 12 = 0, 30 = 5*h + 5*c. Let x = q + h. Calculate the remainder when x is divided by 3.
2
Let q(i) = i + 5. Let k be q(-5). Let b = k + 6. Calculate the remainder when 21 is divided by b.
3
What is the remainder when 15 is divided by 2/(-4) - (-38)/4?
6
Suppose 0 = 5*l - 0*l - 100. Let q = 11 + l. Suppose -4*u = -2*u - 22. What is the remainder when q is divided by u?
9
Let h(i) = -2*i + 23. Let g(s) = -3*s + 24. Let a(r) = -3*g(r) + 4*h(r). Calculate the remainder when 39 is divided by a(0).
19
Let s(c) = -8*c - 3 - 20*c + 4. Let h be s(1). Calculate the remainder when (1 - 2) + 1 - h is divided by 14.
13
Let q = 68 - 42. Suppose 8*j = 5*j + 21. Calculate the remainder when q is divided by j.
5
Let g = 56 - 19. What is the remainder when g is divided by 20?
17
Let w = -6 + 9. Let l = w - 3. Suppose g = -l*g - 2, 4*g = y - 45. Calculate the remainder when y is divided by 13.
11
Let a = 20 + 97. What is the remainder when 